8)/(-6)?
89
Suppose 4*x + 55536 + 33008 = 4*f, 5*x = -3*f + 66440. List the prime factors of f.
2, 3, 5, 41
Let z = 944 + 262. What are the prime factors of z?
2, 3, 67
Let j(l) = -l**3 + 17*l**2 - 10*l - 16. Let n(m) = 8 - 9*m + 4*m + 7*m. Let w be n(4). List the prime factors of j(w).
2, 5
Let p(v) = 2*v**3 - v**2 - 38*v. Let y = 206 - 197. List the prime factors of p(y).
3, 5, 23
Let a be ((-6)/(-12))/((-2)/48). Let l = 19 + a. Suppose l*i + 708 = 11*i. List the prime factors of i.
3, 59
Suppose 4*q = 5*l + 70365, 0 = 2*q - 3*l - 7142 - 28039. List the prime factors of q.
3, 5, 17, 23
Suppose -y = -14661 + 5677. What are the prime factors of y?
2, 1123
Suppose 12*p - 8*p = 2*t - 30, 4*p = 3*t - 35. Suppose -25*f + t*f + 6700 = 0. What are the prime factors of f?
5, 67
Let f(t) = 3276*t**2 - 60*t + 124. What are the prime factors of f(2)?
2, 29, 113
Let f = -5565 + 8211. List the prime factors of f.
2, 3, 7
Let q = 61 - -133. List the prime factors of (-9)/(-15) + q/10.
2, 5
Let o = -124553 - -202609. List the prime factors of o.
2, 11, 887
Let t = -455 - -183. Let p be (t/(-12))/((-2)/(-15)). Suppose -4*b + 168 = -4*d, 3*b - 3*d = -b + p. What are the prime factors of b?
2, 11
Let w(i) = 15*i - 67. Let u(n) = 28*n - 133. Let k(r) = -3*u(r) + 5*w(r). Let t be k(6). Suppose 0 = 3*j + t*j - 2353. List the prime factors of j.
181
Let q be 0/(2*(2 - 1)). Suppose 3*h = -4*h + 46*h. Suppose q*y - 3*y + 225 = h. List the prime factors of y.
3, 5
What are the prime factors of (-8)/(-2) + -1 - -22090?
22093
Let p(m) = 195*m - 242. Suppose 43*c = 13*c + 210. List the prime factors of p(c).
1123
Suppose 9*x - 22484 = -19*x. Suppose -346 = -3*k + x. List the prime factors of k.
383
Let x = -24300 + 34830. What are the prime factors of x?
2, 3, 5, 13
Suppose -3*p - 2663 = -y, 0 = -0*p + 5*p + 3*y + 4443. Let v = 1506 + p. What are the prime factors of v?
2, 3, 103
Suppose 147 = q - 3*d, -122 = -4*q + 3*q - 2*d. Suppose -81*b + 80*b = -q. List the prime factors of b.
2, 3, 11
Let q(y) be the second derivative of y**4/12 - y**3/2 - 15*y**2/2 - 3*y + 1. List the prime factors of q(-14).
223
Let b(a) = -46*a + 93. Let u(d) = 15*d - 31. Let x(m) = -6*b(m) - 17*u(m). Suppose 127*i = -4*v + 130*i + 11, -6 = -2*i. What are the prime factors of x(v)?
2, 37
Let f be ((-9125)/50)/(1/(-2)). What are the prime factors of f/15*(9 + (2 - 2))?
3, 73
Let q(c) = -56*c + 7475. List the prime factors of q(121).
3, 233
Suppose -o + 2770 = -2895. Suppose -19*l + o = -7616. List the prime factors of l.
3, 233
List the prime factors of (-10 + -1 - -6) + (4 - -44450) + 3.
2, 11113
Let k = 609 - 387. Let r = k + 474. What are the prime factors of r?
2, 3, 29
Let j be 209/(-4) - (11/4 + -3). Suppose 2*p + 128 + 558 = -4*h, -h - 166 = -5*p. Let m = j - h. What are the prime factors of m?
7, 17
Suppose 499*d + 3 = 496*d, 3*f - 56168 = 5*d. List the prime factors of f.
97, 193
Let o(b) = 4*b + 58. Let j = -91 + 90. Let a be (56/(-84))/((-35)/33 - j). What are the prime factors of o(a)?
2, 3, 17
Suppose -22 = -7*f - 8. Suppose 9*w + 24 = 17*w. Suppose f*l + 52 = w*l. List the prime factors of l.
2, 13
Let o be (5 + -76 + 6)*4/(-10). Let q(t) = 10*t + 2. Let n be q(6). Let z = n - o. List the prime factors of z.
2, 3
Let h(z) = -865*z + 232. What are the prime factors of h(-5)?
3, 7, 31
Suppose 11*o - 15*o = 1796. Let a = o + 1031. What are the prime factors of a?
2, 3, 97
Suppose -196785 = -5*j - 5*x, 3*j + 760*x - 118068 = 756*x. List the prime factors of j.
2, 3, 5, 41
Let x(h) = -145*h - 50. Let o be x(-5). Let u = o - 473. What are the prime factors of u?
2, 101
Let g be (-3081)/24 - 24/(-64). Suppose 436 = -2*q - 3*x, q = 5*x - 0*x - 218. Let p = g - q. List the prime factors of p.
2, 3, 5
Suppose 9728 = 55*q - 57498 + 3426. List the prime factors of q.
2, 5, 29
Let c(j) = 419*j**2 - 15*j + 92. List the prime factors of c(5).
2, 43, 61
Let a(k) = 1614*k + 62. Let z be a(-3). What are the prime factors of (4/((-48)/z))/((-14)/(-42))?
5, 239
Let x(p) = -2194*p + 2878. List the prime factors of x(-9).
2, 7, 101
Let m(g) = -157*g - 589. What are the prime factors of m(-40)?
3, 7, 271
Let r be (0 - 61) + ((-2)/(-1))/(-8 + 10). Suppose a + 205 = 4*s - 70, -3*s = 3*a - 210. Let w = s + r. What are the prime factors of w?
3
Let n be 6/45 - (-12232)/60. Suppose -16*f = -20*f + n. Let x = 77 - f. List the prime factors of x.
2, 13
Suppose 3*w + 42 = -4*h, 0*w + 42 = -3*w - 2*h. Let q be 500/70 + 2/w. Let z(t) = 2*t**2 + 7*t - 4. What are the prime factors of z(q)?
11, 13
Suppose -h + 0*h - 79 = 0. Let f = 79 + h. Suppose 103*a - 99*a - 1168 = f. What are the prime factors of a?
2, 73
Suppose 59139 + 37413 = 12*b. What are the prime factors of b?
2, 3, 149
Let a(k) = 2*k**2 - k - 1. Let j(u) be the first derivative of -u**3/3 + 17*u**2/2 + 47*u + 22. Let p be j(19). What are the prime factors of a(p)?
2, 19
Suppose -331 = -5*d - 2*z + 97, 0 = 2*d - 2*z - 174. Suppose 5*v = 4*k - 865, -134 - d = -k + 2*v. What are the prime factors of k?
2, 3, 5, 7
Let u = -2 + 50. Suppose 8*n - 462 = 146. Let j = u + n. List the prime factors of j.
2, 31
Suppose 7*j + z - 25 = 3*j, 20 = 4*z. Let k be (j - 69/12)/((-1)/(-12)). Let f(l) = -2*l - 7. What are the prime factors of f(k)?
11
Let d = -8639 - -24595. What are the prime factors of d?
2, 3989
Suppose p - 20 = -25. Let t be p/3*-6*12/8. What are the prime factors of (3 + t/(-6))*302?
151
Suppose 3*m - 7*m - 8 = 0, -23834 = -4*k - m. What are the prime factors of k?
59, 101
Let b = 15 + -17. List the prime factors of (2 + 7 + b)*69.
3, 7, 23
Let q(g) = g**3 + 2*g**2 + 8*g - 12. Let c be q(6). Let p = c + -162. Suppose -3*i + 150 = -p. What are the prime factors of i?
2, 13
Let k(z) be the first derivative of -1/4*z**4 + 29 + 6*z**3 - 15/2*z**2 + 11*z. What are the prime factors of k(17)?
3, 5
Let p(n) be the third derivative of -17*n**6/120 + n**5/60 + n**4/8 - 9*n**2. Let s be p(-2). Suppose s = u - 5. What are the prime factors of u?
139
Let x(i) = 611*i**3 - 7*i**2 - 8*i + 3. What are the prime factors of x(3)?
3, 5471
Suppose 5*b - 6 + 1 = 0. Let n(m) = -m**3 + m**2 - 35*m - 242. Let u be n(-5). List the prime factors of u/b + -2 + (-5)/(-5).
2, 41
Suppose -f - 4 = 3*j, -3*f - j = j - 23. Let k(n) = 2*n**3 + 5 - 66*n - 13 + 65*n - f*n**2. List the prime factors of k(6).
2, 11
Let u(l) be the third derivative of 31*l**7/1260 - l**6/720 - l**5/6 + 17*l**2. Let c(x) be the third derivative of u(x). List the prime factors of c(1).
3, 41
Let k(z) be the second derivative of -3*z**3 - 52*z**2 + z. What are the prime factors of k(-30)?
2, 109
Let j = 1847 + -957. Suppose 2*d - j - 96 = 0. List the prime factors of d.
17, 29
Suppose a = -2*f - 0 + 29, 2*f - 14 = 2*a. Suppose 3*l + 5 = -5*n - 1, -4*n + 8 = -4*l. Suppose n = f*d - 220 - 128. List the prime factors of d.
29
Suppose -4*n = 4*f - 336, -5*f + 5*n + 330 = -70. List the prime factors of 1/(((-3)/12)/(f/(-8))).
41
Let l = -44226 - -75938. List the prime factors of l.
2, 991
Suppose -10816 = -4*k + 2*f, 0*k - 5*f - 5416 = -2*k. Suppose -5*b = q - 6593 - 182, -2*b + q + k = 0. Suppose 0 = -9*y - 265 + b. List the prime factors of y.
11
Suppose -4*l + 7709 + 495 = 0. Suppose 12*k - 5*k = l. What are the prime factors of k?
293
Suppose -2*x + 4*b = -16910, 38*b - 46*b - 42273 = -5*x. List the prime factors of x.
79, 107
Suppose 3*u + 4 = 2*u, -5*u = -4*h + 20. Suppose 16*c - 21*c + 1870 = h. What are the prime factors of c?
2, 11, 17
Suppose n + 2*b = 4 + 1, -4*n + 25 = 3*b. Let x(m) = m**2 - 8*m + 8*m - 11 + 10*m + 0*m**2. List the prime factors of x(n).
2, 3
Let o(h) = 170*h - 153. List the prime factors of o(27).
3, 17, 29
Suppose 3*f + 206 - 36 = 5*t, 4*t = 4*f + 136. Suppose t*o = 37*o - 54. List the prime factors of o.
2, 3
Suppose 0*x = -17*x + 238. Suppose -238 = -4*h + 54. Let d = x + h. What are the prime factors of d?
3, 29
Let z = 583 - 587. Let a(y) = 16*y**2 + 2*y + 26. List the prime factors of a(z).
2, 137
Suppose -2 = -5*z + 13. Suppose -3*d + 2*u - 5 = 0, -2*d + 4 - 3 = z*u. List the prime factors of 4*(d + 30) + (-3)/1.
113
What are the prime factors of (1/4)/((-7)/4) - (-10751872)/133?
3, 26947
List the prime factors of -7 + ((-20256)/(-3) - (-19 + 9)).
5, 7, 193
Suppose -7*f + 